*a - 2*a = -100. What are the prime factors of a?
5
Let p = 375 + -90. What are the prime factors of p?
3, 5, 19
Let h = -1015 - -2136. What are the prime factors of h?
19, 59
Suppose 56 = -a + 60. Suppose 5*h = -3*z + 351 + 612, 5*h = a*z + 991. List the prime factors of h.
3, 5, 13
Let s be 6/8*3/(-3)*-16. Suppose 78 = 22*k + s. List the prime factors of k.
3
Let j be -5*2/((-6)/3). Suppose j*u - 17 = 63. What are the prime factors of u?
2
Let x(c) = -c**2 - 9*c + 1. Let t be x(-8). Suppose t*w - 132 - 543 = 0. List the prime factors of w.
3, 5
What are the prime factors of 1728/(-162)*1986/(-8)?
2, 331
Suppose 4*r = -4, 4*r + 46 = -3*a - 0*r. Let s(u) = -4*u - 44. List the prime factors of s(a).
2, 3
Suppose -5*v = -7*v - 10, 429 = 4*k - v. List the prime factors of k.
2, 53
Let c(f) = -10*f**2 - f + 1. Let n be c(1). Suppose 20 = -2*l + 7*l. List the prime factors of l/n + 261/15.
17
Let g(y) be the second derivative of y**4/12 - 2*y**3/3 + 2*y**2 - 2*y. Let h be g(3). List the prime factors of 7 + -5 + h + 0.
3
What are the prime factors of 9*43 - (-3)/(6/(-10))?
2, 191
Let k = -31 - -14. Let l = k - -13. What are the prime factors of ((-2)/l)/(1/10)?
5
Suppose 4*p = 71 + 157. Suppose 2*i + 2*d - 40 = 0, 2*d = 2*i - 5*i + p. Suppose 17 = 2*n - i. List the prime factors of n.
17
Let c = 6 - 6. Suppose 2*t - p - 43 = c, 5*t - 21 = -3*p + 103. List the prime factors of t.
23
Let t be (-11)/(-4) + 14/56. Suppose 3*h = 5*v + 5, -2*v = 2*h - t*v - 1. Suppose -6*u + u + 25 = h. List the prime factors of u.
5
Let b be (-11)/(-88) - 124/(-32). Let i be (-16)/(-3) - 2/(-3). List the prime factors of (-462)/(-9) + b/i.
2, 13
Suppose 5*h = 7*x - 5*x + 13565, -3*h = -5*x - 8158. List the prime factors of h.
2711
Let j = 85 + -65. Suppose 8*l = 3*l - j, 5*l + 920 = 5*g. What are the prime factors of g?
2, 3, 5
What are the prime factors of 177/118 - 633/(-2)?
2, 3, 53
Suppose 14*b - 12*b + q = 4982, 2*b - 3*q = 4982. What are the prime factors of b?
47, 53
Let p be -2*(3 - (-22)/(-4)). Suppose 4*q = -16, 0 = -p*s - q + 4*q + 342. List the prime factors of s.
2, 3, 11
Let h(b) be the second derivative of b**5/60 + b**4/12 - b**3/2 - 3*b**2/2 - 3*b. Let k(q) be the first derivative of h(q). List the prime factors of k(5).
2
Let x(c) be the first derivative of -c**3/3 - 11*c**2/2 - 2*c + 1. Let s be 1/((-11)/(-6) + -5 + 3). What are the prime factors of x(s)?
2, 7
Suppose -3*d + 4*d - 4*h - 186 = 0, -3*h = -d + 182. Suppose 8*a = -d + 546. What are the prime factors of a?
47
Let h(d) = d + 18. Let k be h(-14). List the prime factors of 2*(16 + k) - 1.
3, 13
Let q(w) be the third derivative of w**6/60 - w**5/15 + 5*w**4/24 - 5*w**3/6 + 5*w**2. List the prime factors of q(4).
79
Suppose -9*m = -2*m + 546. List the prime factors of (m/(-6))/(-3 + 1)*-40.
2, 5, 13
Let x(m) be the third derivative of m**7/2520 + m**6/48 - m**5/20 + 2*m**2. Let z(i) be the third derivative of x(i). List the prime factors of z(8).
31
List the prime factors of (7 - (-40)/(-6))*1509.
503
Let o = -32 + 39. Let y(x) = -x**3 + 5*x**2 + 9. Let u be y(o). Let g = -26 - u. What are the prime factors of g?
3, 7
Let y = 38 + -34. Let a = -7 - -5. Let b = a + y. What are the prime factors of b?
2
Let y(h) = 668*h + 211. List the prime factors of y(6).
4219
Let h(j) = 2*j**2 - 11*j + 15. Let d(u) = 10*u**2 + 44 - 39*u - 5*u**2 + 6*u. Let g(p) = 3*d(p) - 8*h(p). What are the prime factors of g(-10)?
2, 11
Let t = -103 - -113. Let g = -15 - -27. Suppose t*h + 108 = g*h. What are the prime factors of h?
2, 3
Suppose -4*g - 63 - 101 = -3*f, -3 = -3*g. Suppose 53*z - f*z = -360. List the prime factors of z.
2, 3, 5
List the prime factors of 1*(-1865)/10*-2.
373
Let q(l) = 4*l - 33. Let t be q(9). Suppose -t*a + 98 = -n, 3*n + 49 = 4*a - 80. What are the prime factors of a?
3, 11
Suppose -5*g + 799 = s, -2*s + 798 = 4*g + g. Let u = -104 + g. List the prime factors of u.
2, 7
Suppose 4*m - 386 = 3*t, -m - 136 = t - 6*m. Let f = -87 - t. Let s = f + -22. What are the prime factors of s?
17
Let v(z) = 4*z**2 - 22*z + 28. Let m(u) = -2*u**2 + 11*u - 14. Let x(n) = -5*m(n) - 2*v(n). List the prime factors of x(7).
5, 7
Suppose o - 76 - 19 = 0. Let k = 137 - o. List the prime factors of k.
2, 3, 7
Let n(m) = 5*m**3 + 5 - 15*m**3 + 11*m**3 + 8*m**2 + 5*m. Let a be n(-7). Suppose -2*t + 11 = -a. List the prime factors of t.
3, 5
Suppose -5*y + 59 = -1. Let r be 265/10 - y/8. Suppose -2*z - 4*u + 36 = 0, 2*z = 3*z - 5*u - r. What are the prime factors of z?
2, 5
Let s(b) = 4*b**2 + 3*b - 5. Let d be s(-5). Let k be (d/48)/(1/51). Suppose -3*l + k = -38. List the prime factors of l.
41
Suppose 10 = -5*g, g - 1 - 7 = -5*w. Let r be (1 - -74) + w*-1. Let i = r + -40. What are the prime factors of i?
3, 11
Suppose 5*o + 25 = 0, 2*r + 32 - 7 = -5*o. Suppose 5*s = 3*s + 18. Suppose z + s - 81 = r. List the prime factors of z.
2, 3
Suppose 4*d = 9*d - 35. Let y = 3 - 1. Suppose 0 = -2*f - d*j + y*j - 3, 2*j + 6 = 0. List the prime factors of f.
2, 3
What are the prime factors of (-19 - -1)*1638/(-27)?
2, 3, 7, 13
Let g(w) = -w**2 - 58*w - 200. List the prime factors of g(-42).
2, 59
Let v(s) = -5*s**2 + 8*s + 1. Let f(n) = n**2 - n - 1. Let k(i) = -6*f(i) - v(i). Let m(w) = w**2 - 3*w - 7. Let x be m(4). List the prime factors of k(x).
2
Let b = -904 + 538. Let y = b + 675. List the prime factors of y.
3, 103
Suppose 0 = -48*b - 20034 + 58962. List the prime factors of b.
811
Let p(z) be the first derivative of z**5/12 + z**4/6 + z**3/2 + 2*z**2 - 2. Let w(m) be the second derivative of p(m). List the prime factors of w(-2).
3, 5
Let v be 3/(-3) + 3 - -14. Let z be (v/(-3))/(2/(-15)). Let a = 59 - z. What are the prime factors of a?
19
Suppose -4*b + 14 = -0*b - 2*h, 3*b - 9 = 2*h. Suppose d - b*d - 64 = 0. What are the prime factors of 2/4 - 472/d?
2, 3, 5
List the prime factors of 1081 + (1 - -6) + -11.
3, 359
Suppose 5*g - 864 = 8*g. Let c be (g/(-28))/(-3)*-7. Let w = c - 15. List the prime factors of w.
3
Suppose m = 4*r + r - 39, -2*m + 20 = 4*r. Let u = r + -16. List the prime factors of 3/u + 28/3.
3
Let i(x) = -6*x**3 + 3*x**3 - 8*x**2 + 10 + 2*x**3 - 8 - 5*x. Let d be i(-7). Let y = d - -56. What are the prime factors of y?
2, 11
Suppose -1165 = -5*i - 4*m, -74 = -5*i - 5*m + 1086. What are the prime factors of i?
3, 79
Let t = -25 - 7. Let s = t - -83. List the prime factors of s.
3, 17
Let y = 31 + -11. Let p be (3/(-2))/(30/y). List the prime factors of p/(-4) + (-1194)/(-24).
2, 5
Let s(a) = a**3 + 9*a**2 - 8*a - 36. What are the prime factors of s(8)?
2, 13, 19
Suppose 2*a = 5*y - 27, -5*y + 28 = -5*a + 2*a. Suppose y*f - 25 = 4*f. What are the prime factors of f?
5
Let r(y) = 2 + 10*y - 8 - y. Let k(t) = 9*t - 144. Let w be k(17). List the prime factors of r(w).
3, 5
Let a(t) = -t**3 + 5*t**2 + 10*t - 9. Suppose 5*k + l - 49 = 0, 3*l = 3*k - 0*l - 15. Let d = 15 - k. What are the prime factors of a(d)?
3, 5
Let d(g) = -g**3 - 16*g**2 + 9*g + 22. What are the prime factors of d(-20)?
2, 7, 103
Let v = -323 + 842. What are the prime factors of v?
3, 173
Suppose -5*n + 37 = 4*k, -k - 3 - 9 = -3*n. Let c be 50 + (-1)/(2 - k). Suppose 0 = -3*x + 12 + c. What are the prime factors of x?
3, 7
Suppose -4*u - 48 = -7*u. Let v be 4*((-28)/u - -3). Suppose -v*q - 30 = -270. What are the prime factors of q?
2, 3
Let t be (-6)/8 - (-180)/48. Suppose -t*a + 4*w = -140, a + a + 4*w - 100 = 0. List the prime factors of a.
2, 3
Suppose -5 = 6*p - 7*p. Suppose 5*x = q - p*q + 239, -305 = -5*q - 5*x. What are the prime factors of q?
2, 3, 11
Let a = 57 - 53. Suppose -14*v + 10*v - 5*z = -515, 3*z - 509 = -a*v. List the prime factors of v.
5
Let n(v) = 14*v - 19. List the prime factors of n(19).
13, 19
Let j = 79 - -11. Let q be (-1)/(-6) - (-1595)/(-30). Let a = q + j. List the prime factors of a.
37
Let a be ((-226)/3)/(6/(-9)) + 3. Let m = a - 49. What are the prime factors of m?
67
Suppose 4*r + 65 = -235. Let m = r + 144. What are the prime factors of m?
3, 23
Let r = 1246 - 736. Suppose -r = -7*b + 127. Let j = 131 - b. What are the prime factors of j?
2, 5
Suppose 0 = -5*b + 34 + 6. Suppose 3*w - b*w = -540. List the prime factors of w.
2, 3
Let z be (26 + -28)*(-1 + -262 - -1). Suppose -3*k = -d + 64 +